{"id":138,"date":"2019-09-27T15:05:42","date_gmt":"2019-09-27T15:05:42","guid":{"rendered":"http:\/\/luxusfahnen.de\/?page_id=138"},"modified":"2019-09-28T08:35:55","modified_gmt":"2019-09-28T08:35:55","slug":"138-2","status":"publish","type":"page","link":"http:\/\/luxusfahnen.de\/?page_id=138","title":{"rendered":"Die Grundlage"},"content":{"rendered":"\n<div class=\"wp-block-cover has-background-dim\" style=\"background-image:url(http:\/\/luxusfahnen.de\/wp-content\/uploads\/2019\/09\/Lux_0006-DE.jpg)\"><div class=\"wp-block-cover__inner-container is-layout-flow wp-block-cover-is-layout-flow\">\n<p style=\"text-align:center\" class=\"has-text-color has-large-font-size has-luminous-vivid-amber-color\">Grundlage Luxusstickerei<\/p>\n<\/div><\/div>\n\n\n\n<p><\/p>\n\n\n\n<p style=\"text-align:center\" class=\"has-text-color has-background has-huge-font-size has-vivid-red-color has-luminous-vivid-amber-background-color\">Die \n\tGrundlagen <\/p>\n\n\n\n<p class=\"has-medium-font-size\">Es ist schon sehr wichtig, dass \n\t\tdiese Luxus Stickerei doch nur f\u00fcr Pers\u00f6nlichkeiten in gehobener und \n\t\telit\u00e4rer Gesellschaft vorgesehen ist. <\/p>\n\n\n\n<p class=\"has-medium-font-size\">Vorab wird ein Personen Status \n\t\termittelt, um sp\u00e4ter ein \n\t\tKundenbesuch bei Ihnen&nbsp;oder bei uns im Haus zu vereinbaren. Bei dem \n\t\tErstgespr\u00e4ch wird ein Entwurf erarbeitet, aus dem dann ein vorl\u00e4ufiges \n\t\tAngebot erstellt wird.<\/p>\n\n\n\n<p class=\"has-medium-font-size\">Hier werden die \n\t\tVorstellungen und die Kundenw\u00fcnsche&nbsp;zu Papier gebracht, die im Laufe der \n\t\tArbeiten erg\u00e4nzt werden. Jede weitere Schritte sind in enger Absprache \n\t\tmit dem Auftraggeber verbunden.&nbsp; Jeder Arbeitschritt wird&nbsp; \n\t\tprotokolliert und ist die Grundlage der mitgegebenen&nbsp; Expertise \n\t\tnach Fertigstellung.&nbsp;&nbsp;&nbsp; <br>\n\t\tNach der Begutachtung der jeweiligen Schritte, entsteht im Laufe der \n\t\tHandstickerei. das gew\u00fcnschte Kunsthandwerk bis zu Fertigstellung. <\/p>\n\n\n\n<p class=\"has-medium-font-size\">Die Zeit darf dazu keine Rolle \n\t\tspielen, mit dem Hintergrund, dass bei ein Quadratmeter Stickfl\u00e4che \u00fcber \n\t\t160 Arbeitszeitstunden \n\t\tben\u00f6tig wird.&nbsp;\n\t\t.&nbsp;\n\t\t<\/p>\n\n\n\n<p style=\"text-align:center\" class=\"has-text-color has-background has-large-font-size has-vivid-red-color has-luminous-vivid-amber-background-color\">Hier entsteht eine Stickerei der Superlative!<\/p>\n\n\n\n<p><\/p>\n\n\n\n<p><\/p>\n\n\n<div id=\"pl-gb138-6a0474a380d46\"  class=\"panel-layout\" ><div id=\"pg-gb138-6a0474a380d46-0\"  class=\"panel-grid panel-no-style\" ><div id=\"pgc-gb138-6a0474a380d46-0-0\"  class=\"panel-grid-cell\" ><div id=\"panel-gb138-6a0474a380d46-0-0-0\" class=\"so-panel widget widget_media_image panel-first-child panel-last-child\" data-index=\"0\" ><img loading=\"lazy\" decoding=\"async\" width=\"150\" height=\"37\" src=\"http:\/\/luxusfahnen.de\/wp-content\/uploads\/2019\/09\/KOCH_Gruppe-Original-grund-300x73.gif\" class=\"image wp-image-263  attachment-150x37 size-150x37\" alt=\"\" style=\"max-width: 100%; height: auto;\" \/><\/div><\/div><div id=\"pgc-gb138-6a0474a380d46-0-1\"  class=\"panel-grid-cell\" ><div id=\"panel-gb138-6a0474a380d46-0-1-0\" class=\"so-panel widget widget_media_image panel-first-child panel-last-child\" data-index=\"1\" ><img loading=\"lazy\" decoding=\"async\" width=\"200\" height=\"44\" src=\"http:\/\/luxusfahnen.de\/wp-content\/uploads\/2019\/09\/Luxus-Zeichen-1-300x66.png\" class=\"image wp-image-48  attachment-200x44 size-200x44\" alt=\"\" style=\"max-width: 100%; height: auto;\" srcset=\"http:\/\/luxusfahnen.de\/wp-content\/uploads\/2019\/09\/Luxus-Zeichen-1-300x66.png 300w, http:\/\/luxusfahnen.de\/wp-content\/uploads\/2019\/09\/Luxus-Zeichen-1-768x168.png 768w, http:\/\/luxusfahnen.de\/wp-content\/uploads\/2019\/09\/Luxus-Zeichen-1-1024x224.png 1024w, http:\/\/luxusfahnen.de\/wp-content\/uploads\/2019\/09\/Luxus-Zeichen-1.png 1552w\" sizes=\"auto, (max-width: 200px) 100vw, 200px\" \/><\/div><\/div><\/div><\/div>\n\n\n<p><\/p>\n","protected":false},"excerpt":{"rendered":"<p>Die Grundlagen Es ist schon sehr wichtig, dass diese Luxus Stickerei doch nur f\u00fcr Pers\u00f6nlichkeiten in gehobener und elit\u00e4rer Gesellschaft vorgesehen ist. Vorab wird ein Personen Status ermittelt, um sp\u00e4ter ein Kundenbesuch bei Ihnen&nbsp;oder bei uns im Haus zu vereinbaren. Bei dem Erstgespr\u00e4ch wird ein Entwurf erarbeitet, aus dem dann ein vorl\u00e4ufiges Angebot erstellt wird. [&hellip;]<\/p>\n","protected":false},"author":1,"featured_media":0,"parent":0,"menu_order":0,"comment_status":"closed","ping_status":"closed","template":"template-fullwidth-no-title.php","meta":{"footnotes":""},"class_list":["post-138","page","type-page","status-publish","hentry"],"_links":{"self":[{"href":"http:\/\/luxusfahnen.de\/index.php?rest_route=\/wp\/v2\/pages\/138","targetHints":{"allow":["GET"]}}],"collection":[{"href":"http:\/\/luxusfahnen.de\/index.php?rest_route=\/wp\/v2\/pages"}],"about":[{"href":"http:\/\/luxusfahnen.de\/index.php?rest_route=\/wp\/v2\/types\/page"}],"author":[{"embeddable":true,"href":"http:\/\/luxusfahnen.de\/index.php?rest_route=\/wp\/v2\/users\/1"}],"replies":[{"embeddable":true,"href":"http:\/\/luxusfahnen.de\/index.php?rest_route=%2Fwp%2Fv2%2Fcomments&post=138"}],"version-history":[{"count":10,"href":"http:\/\/luxusfahnen.de\/index.php?rest_route=\/wp\/v2\/pages\/138\/revisions"}],"predecessor-version":[{"id":249,"href":"http:\/\/luxusfahnen.de\/index.php?rest_route=\/wp\/v2\/pages\/138\/revisions\/249"}],"wp:attachment":[{"href":"http:\/\/luxusfahnen.de\/index.php?rest_route=%2Fwp%2Fv2%2Fmedia&parent=138"}],"curies":[{"name":"wp","href":"https:\/\/api.w.org\/{rel}","templated":true}]}}